ighest common divisor of y and w.
6
Suppose 513*a = 514*a - 656. Let t = -626 + a. What is the highest common divisor of t and 345?
15
Let t be ((-2)/(-2))/((-20581)/(-2057) - 10). Suppose -104*u + 115*u - t = 0. Calculate the greatest common factor of 51 and u.
17
Let k = -34652 + 52282. What is the greatest common factor of 82 and k?
82
Let i = 46 + -22. Let z be (8 - (-4851)/18)*(2 - 0). Let a = 563 - z. Calculate the greatest common factor of i and a.
8
Let d(w) = -3*w - 89. Let v be d(-31). Suppose -v*c = 3*z - 2*z + 18, -2*z + 2*c = -14. Calculate the greatest common factor of z and 32.
2
Suppose 3443 = 11*c - 11803. Suppose -5*t = t - c. What is the greatest common divisor of t and 42?
21
Let r be 267354/243 - (-14)/(-63). Calculate the greatest common factor of 100 and r.
100
Let j(t) = 24*t**2 + 3*t + 2. Let i be (-1 + -8)*2/6. Let d be j(i). Let s = 316 - 297. Calculate the highest common factor of d and s.
19
Suppose -j = -21 - 5. Suppose -5*f + 59 = -4*u, 35 = 3*f + 24*u - j*u. What is the highest common factor of 11 and f?
11
Suppose t - 3*f - 9728 = -2*f, -2*f - 8 = 0. Let o be -2 - (-16)/6 - t/(-102). What is the greatest common factor of 132 and o?
12
Let g(i) = 17*i - 10. Let z be g(-5). Let x = z + 97. Suppose 7*r + x*r = 405. Calculate the highest common divisor of 180 and r.
45
Let b(u) = -u**3 - 11*u**2 - 9*u + 21. Let f be b(-10). Let q = f - 1. Let x be ((-6)/q)/(4/(-40)). What is the greatest common factor of 6 and x?
6
Suppose -5*m - 2*z = -10, 5*m + 3*z - 1 = m. Suppose -m*o - 152 = 240. Let s = o - -144. What is the greatest common factor of s and 115?
23
Suppose 2*a + 998 = 4*h, 3*h = 24*a - 19*a + 724. What is the greatest common divisor of h and 621?
23
Suppose 0 = 4*u - 4*v - 84, 0 = -2*v + 7*v + 15. What is the greatest common factor of u and 183?
3
Suppose 31*v - 7161 - 3906 = 0. What is the highest common factor of v and 153?
51
Let v = -5973 - -5997. Calculate the highest common factor of v and 294.
6
Let u(t) = 90*t + 138. Let j be u(-7). Let s = -17 - j. Calculate the greatest common factor of s and 19.
19
Suppose 8175 = -134*y + 34469 + 73134. What is the highest common factor of y and 106?
106
Suppose 0 = -f - 5*p + 34, -2*f - 53 = -4*f - 5*p. What is the greatest common factor of 11324 and f?
19
Let a = 676 + -668. What is the highest common factor of 100 and a?
4
Suppose 4*k - g = 335, 163 = 2*k - 0*k - 5*g. Let a be ((-2)/(-14)*36)/(9/k). Let v = a + -33. Calculate the highest common divisor of 135 and v.
15
Suppose 4*x = 17*x - 6*x. Suppose x*d = -8*d + 528. What is the greatest common factor of d and 33?
33
Suppose 0 = 5*f + 5*b - 1600, -f - 2*b + 7*b = -332. What is the greatest common divisor of 506 and f?
46
Let w be 5/(-3 - -4) - (3 - 2). Suppose 68*t + 5*a - 690 = 63*t, 0 = -4*t + w*a + 592. Suppose -2*z = 2*z - 44. What is the highest common factor of z and t?
11
Let g(k) be the third derivative of k**5/60 + 11*k**4/24 + 37*k**3/6 - 129*k**2. Let n be g(-6). What is the greatest common divisor of 119 and n?
7
Suppose 0 = -0*v - 2*v - 20. Let x = 9 + v. Let m be x*(0 + 1) + 22. What is the greatest common factor of m and 210?
21
Let y be 1832/264 - 7 - (-4771620)/297. What is the greatest common divisor of 831 and y?
277
Suppose -3*i + 2 = 5*y, -15*y + 13*y - 1 = 3*i. Let j be (-3)/3 - -14 - (0 - i). Calculate the greatest common divisor of j and 15.
3
Let i be (-66)/6 + 15 - (-1 - 6). Let s(r) = r**3 - 10*r**2 - 7*r - 22. Let t be s(i). What is the highest common divisor of 1342 and t?
22
Let w(a) = -10*a + 254. Let z be w(-8). Let n = 768 + z. What is the greatest common divisor of 58 and n?
58
Suppose -85*j + 80*j + 5 = 0. Let o(p) = p**3 - 4*p**2 + 5*p. Let t be o(4). Let m be (-15)/t*-3*20/j. Calculate the greatest common divisor of 9 and m.
9
Let g be 836/(-132) + 1*6 + (-2416)/(-3). What is the greatest common factor of 175 and g?
35
Suppose 13*b = 3*s + 14*b - 63, s - 5*b - 37 = 0. Let v be 6/3*220/s. Calculate the greatest common factor of 28 and v.
4
Suppose 260*d = 259*d + 752. Calculate the greatest common factor of 80 and d.
16
Let b = -9255 + 9669. Let o be (72/14)/((-2)/(-14)). Calculate the highest common divisor of o and b.
18
Let y be -16*(2 + -1) - -46. Calculate the highest common divisor of 2360 and y.
10
Let w(d) = 3*d**3 - 17*d**2 + 16*d - 7. Let v be w(6). What is the highest common factor of v and 4?
1
Suppose -1470*s = -1476*s + 192. Calculate the greatest common factor of s and 11712.
32
Let h = 6863 + -6633. What is the highest common factor of 1265 and h?
115
Let l = -42 + 112. Let b be 280*-4*110/(-704). Calculate the greatest common divisor of l and b.
35
Let r be (54/(-63))/(10/(-35)) - 0. Let t = 49 - 39. Calculate the greatest common factor of t and r.
1
Let f be ((-39)/65*56)/(2/(-10)). Calculate the highest common factor of f and 448.
56
Let t(x) = -6*x + 11. Let m be t(5). Let q be (418/m)/((-2)/4). Suppose 5*v - 9*v + q = -2*g, v - 2*g = 14. What is the highest common factor of 110 and v?
10
Let y = -9139 + 10999. What is the greatest common divisor of y and 217?
31
Let t(c) = 7*c**2 - 146*c + 1280. Let f be t(9). Calculate the greatest common factor of 637 and f.
13
Suppose -o - 290 = -6*o. Suppose -8*l + o = 10. Calculate the greatest common divisor of l and 78.
6
Let f = 52 - 311. Let y = f + 280. What is the greatest common factor of 147 and y?
21
Suppose 7901 + 3600 = 7*l. What is the greatest common divisor of l and 31?
31
Suppose 12320 = 12*p - 6*p - 2*p. Calculate the highest common divisor of 980 and p.
140
Let g = -28316 + 28326. What is the highest common divisor of 262 and g?
2
Let g(s) = -41*s + 11. Let r be g(6). Let l = r + 250. What is the greatest common divisor of 85 and l?
5
Suppose 2*f = 2*x - 13242, 3*x - 8*f = -12*f + 19884. What is the greatest common factor of x and 138?
138
Suppose -8*h = -13*h + 8*h. Suppose -p + 12 + 12 = h. Suppose 0*y = -3*y + p. What is the greatest common factor of 64 and y?
8
Suppose 0 = -5*n - 40, 0 = 2*d - 217*n + 218*n - 62. Let h = 65 - 37. Calculate the highest common divisor of h and d.
7
Let v(z) = z**3 - 4*z**2 - 4*z + 1. Let n be v(6). Let g = 2339 - 2297. Calculate the highest common divisor of g and n.
7
Let j(m) = m**3 - 19*m**2 + 58*m + 29. Let g be j(15). Let x be (-8 + g)*((-896)/24 - -14). Calculate the highest common divisor of 45 and x.
15
Let n(p) = -7*p + 143. Suppose 2*s = 13*b - 11*b - 32, -84 = -5*b + 3*s. Let m be n(b). What is the highest common factor of 323 and m?
17
Suppose -3*u = g + g + 1885, g + 4*u = -955. Let a = g + 1299. What is the greatest common divisor of a and 52?
52
Let n(q) = 8*q**3 - 5*q**2 + 5*q - 6. Suppose 33*a = 35 + 64. Let p be n(a). What is the highest common divisor of p and 324?
36
Let j = -21 + 65. Suppose -40 = -k + 6*k + 5*g, 5*g - 30 = 5*k. Let t = k + 11. Calculate the greatest common divisor of t and j.
4
Let i be (4/(-10))/((-16)/15 + 1). Let n be 24/i + 10 - -1. Calculate the highest common divisor of n and 75.
15
Suppose 43*n - 15538 = 3513 - 1464. What is the highest common factor of 1 and n?
1
Let q(u) = -3*u**3 - 2*u**2 - 6*u + 36. Let r be q(0). What is the greatest common factor of r and 387?
9
Suppose 29 + 11 = 4*m. Let p be ((-14)/((-112)/132))/(1/m). Let h be (-722)/(-22) - (-20)/110. Calculate the greatest common divisor of p and h.
33
Suppose 31 + 83 = 3*y + 4*r, -5*r = 2*y - 69. Calculate the greatest common factor of y and 553.
7
Let d be ((-3)/(-2))/(-12 + 847/70). Suppose 2*y = 6, -3*n + 3*y = n - 471. Calculate the greatest common divisor of d and n.
15
Suppose s + u = 28, -132 = -s + 39*u - 27*u. Let t(i) = 3*i - 7. Let w be t(5). What is the highest common divisor of s and w?
4
Suppose 3*v - 7221 - 179 = -5*i, 8*i + 2*v = 11840. Calculate the highest common divisor of i and 16.
8
Let u be (796/(-10))/((-1)/5). Let g = 70 + u. Let f be (16908/(-7045))/((-9)/195). What is the greatest common divisor of f and g?
52
Suppose 2*d = 1936 + 4422. What is the highest common divisor of d and 561?
187
Let l = -3660 - -3702. What is the greatest common divisor of l and 1834?
14
Let v = -7985 + 23472. Calculate the highest common factor of v and 17.
17
Let o = -13 + 25. Suppose -15*d - 816 = -31*d. Let b be ((-11)/(-5) + -1)/(d/7140). Calcul